{"id":689,"date":"2018-08-09T16:04:02","date_gmt":"2018-08-09T14:04:02","guid":{"rendered":"https:\/\/www.ensemble-harry.de\/content\/?page_id=689"},"modified":"2021-09-13T12:31:47","modified_gmt":"2021-09-13T10:31:47","slug":"freunde-2","status":"publish","type":"page","link":"https:\/\/www.ensemble-harry.de\/content\/freunde-2\/","title":{"rendered":"Freunde"},"content":{"rendered":"<h1>Der Verein THEATER WAGEN e.V.<\/h1>\n<p><strong>In schwierigen Zeiten f\u00fcr die Kultur!<\/strong><\/p>\n<p>Auch in Freiburg bangen wir inzwischen um unser vertrautes, ungew\u00f6hnlich vielf\u00e4ltiges Angebot. So entstand 2006 der Entschluss, den gemeinn\u00fctzigen Verein THEATER WAGEN e. V. ins Leben zu rufen. Ziel des Vereins ist, die Freien Kulturschaffenden, mit deren Arbeit wir uns gern identifizieren, zu unterst\u00fctzen.<br \/>\nWir haben in diesem Rahmen die Chance, Freiburger Kultur zu f\u00f6rdern und insbesondere dem Ensemble \u201eHarry, hol schon mal den Wagen!\u201c tatkr\u00e4ftig zur Seite zu stehen. In seiner Spielst\u00e4tte, dem &#8222;Theater Harrys Depot&#8220;, bietet das Ensemble seit 2008 einen kontinuierlichen Spielbetrieb. Um dies auch k\u00fcnftig realisieren zu k\u00f6nnen und den K\u00fcnstler\/innen in ideeller und materieller Weise den R\u00fccken frei zu halten, aber auch um die Position des Ensembles in der \u00d6ffentlichkeit zu st\u00e4rken, sucht der Verein engagierte neue Mitglieder. Sie sind herzlich eingeladen, dabei mitzuwirken. Werden Sie Mitglied \u2013 wir freuen uns auf Sie!<\/p>\n<p>Sie k\u00f6nnen hier ein &gt;&gt; <a href=\"https:\/\/www.ensemble-harry.de\/content\/wp-content\/uploads\/2017\/12\/Beitritt_Verein.pdf\" target=\"_blank\" rel=\"noopener\">Beitrittsformular im PDF-Format<\/a> herunterladen, das Sie ausf\u00fcllen und unterschrieben an folgende Adresse senden k\u00f6nnen:<br \/>\n<br class=\u201cclear\u201d \/><br class=\u201cclear\u201d \/><br \/>\n<strong>THEATER WAGEN e. V.<\/strong><\/p>\n<p><strong>Kontakt: Dr. J\u00f6rg Scharpff<\/strong><br \/>\n<a href=\"mailto:scharpff@gmx.de\"><strong>scharpff@gmx.de<\/strong><\/a><\/p>\n<p>&nbsp;<\/p>\n","protected":false},"excerpt":{"rendered":"<p>Der Verein THEATER WAGEN e.V. In schwierigen Zeiten f\u00fcr die Kultur! Auch in Freiburg bangen wir inzwischen um unser vertrautes, ungew\u00f6hnlich vielf\u00e4ltiges Angebot. So entstand 2006 der Entschluss, den gemeinn\u00fctzigen Verein THEATER WAGEN e. V. ins Leben zu rufen. Ziel des Vereins ist, die Freien Kulturschaffenden, mit deren Arbeit wir uns gern identifizieren, zu unterst\u00fctzen. [&hellip;]<\/p>\n","protected":false},"author":1,"featured_media":0,"parent":0,"menu_order":0,"comment_status":"closed","ping_status":"closed","template":"","meta":{"inline_featured_image":false,"site-sidebar-layout":"default","site-content-layout":"default","ast-site-content-layout":"default","site-content-style":"default","site-sidebar-style":"default","ast-global-header-display":"","ast-banner-title-visibility":"","ast-main-header-display":"","ast-hfb-above-header-display":"","ast-hfb-below-header-display":"","ast-hfb-mobile-header-display":"","site-post-title":"","ast-breadcrumbs-content":"","ast-featured-img":"","footer-sml-layout":"","ast-disable-related-posts":"","theme-transparent-header-meta":"default","adv-header-id-meta":"","stick-header-meta":"","header-above-stick-meta":"","header-main-stick-meta":"","header-below-stick-meta":"","astra-migrate-meta-layouts":"default","ast-page-background-enabled":"default","ast-page-background-meta":{"desktop":{"background-color":"","background-image":"","background-repeat":"repeat","background-position":"center center","background-size":"auto","background-attachment":"scroll","background-type":"","background-media":"","overlay-type":"","overlay-color":"","overlay-opacity":"","overlay-gradient":""},"tablet":{"background-color":"","background-image":"","background-repeat":"repeat","background-position":"center center","background-size":"auto","background-attachment":"scroll","background-type":"","background-media":"","overlay-type":"","overlay-color":"","overlay-opacity":"","overlay-gradient":""},"mobile":{"background-color":"","background-image":"","background-repeat":"repeat","background-position":"center center","background-size":"auto","background-attachment":"scroll","background-type":"","background-media":"","overlay-type":"","overlay-color":"","overlay-opacity":"","overlay-gradient":""}},"ast-content-background-meta":{"desktop":{"background-color":"var(--ast-global-color-5)","background-image":"","background-repeat":"repeat","background-position":"center center","background-size":"auto","background-attachment":"scroll","background-type":"","background-media":"","overlay-type":"","overlay-color":"","overlay-opacity":"","overlay-gradient":""},"tablet":{"background-color":"var(--ast-global-color-5)","background-image":"","background-repeat":"repeat","background-position":"center center","background-size":"auto","background-attachment":"scroll","background-type":"","background-media":"","overlay-type":"","overlay-color":"","overlay-opacity":"","overlay-gradient":""},"mobile":{"background-color":"var(--ast-global-color-5)","background-image":"","background-repeat":"repeat","background-position":"center center","background-size":"auto","background-attachment":"scroll","background-type":"","background-media":"","overlay-type":"","overlay-color":"","overlay-opacity":"","overlay-gradient":""}},"footnotes":""},"class_list":["post-689","page","type-page","status-publish","hentry"],"_links":{"self":[{"href":"https:\/\/www.ensemble-harry.de\/content\/wp-json\/wp\/v2\/pages\/689","targetHints":{"allow":["GET"]}}],"collection":[{"href":"https:\/\/www.ensemble-harry.de\/content\/wp-json\/wp\/v2\/pages"}],"about":[{"href":"https:\/\/www.ensemble-harry.de\/content\/wp-json\/wp\/v2\/types\/page"}],"author":[{"embeddable":true,"href":"https:\/\/www.ensemble-harry.de\/content\/wp-json\/wp\/v2\/users\/1"}],"replies":[{"embeddable":true,"href":"https:\/\/www.ensemble-harry.de\/content\/wp-json\/wp\/v2\/comments?post=689"}],"version-history":[{"count":0,"href":"https:\/\/www.ensemble-harry.de\/content\/wp-json\/wp\/v2\/pages\/689\/revisions"}],"wp:attachment":[{"href":"https:\/\/www.ensemble-harry.de\/content\/wp-json\/wp\/v2\/media?parent=689"}],"curies":[{"name":"wp","href":"https:\/\/api.w.org\/{rel}","templated":true}]}}

<h1>Der Verein THEATER WAGEN e.V.</h1>
<p><strong>In schwierigen Zeiten für die Kultur!</strong></p>
<p>Auch in Freiburg bangen wir inzwischen um unser vertrautes, ungewöhnlich vielfältiges Angebot. So entstand 2006 der Entschluss, den gemeinnützigen Verein THEATER WAGEN e. V. ins Leben zu rufen. Ziel des Vereins ist, die Freien Kulturschaffenden, mit deren Arbeit wir uns gern identifizieren, zu unterstützen.<br />
Wir haben in diesem Rahmen die Chance, Freiburger Kultur zu fördern und insbesondere dem Ensemble „Harry, hol schon mal den Wagen!“ tatkräftig zur Seite zu stehen. In seiner Spielstätte, dem &#8222;Theater Harrys Depot&#8220;, bietet das Ensemble seit 2008 einen kontinuierlichen Spielbetrieb. Um dies auch künftig realisieren zu können und den Künstler/innen in ideeller und materieller Weise den Rücken frei zu halten, aber auch um die Position des Ensembles in der Öffentlichkeit zu stärken, sucht der Verein engagierte neue Mitglieder. Sie sind herzlich eingeladen, dabei mitzuwirken. Werden Sie Mitglied – wir freuen uns auf Sie!</p>
<p>Sie können hier ein &gt;&gt; <a href="https://www.ensemble-harry.de/content/wp-content/uploads/2017/12/Beitritt_Verein.pdf" target="_blank" rel="noopener">Beitrittsformular im PDF-Format</a> herunterladen, das Sie ausfüllen und unterschrieben an folgende Adresse senden können:<br />
<br class=“clear” /><br class=“clear” /><br />
<strong>THEATER WAGEN e. V.</strong></p>
<p><strong>Kontakt: Dr. Jörg Scharpff</strong><br />
<a href="mailto:scharpff@gmx.de"><strong>scharpff@gmx.de</strong></a></p>
<p>&nbsp;</p>

<p>Der Verein THEATER WAGEN e.V. In schwierigen Zeiten für die Kultur! Auch in Freiburg bangen wir inzwischen um unser vertrautes, ungewöhnlich vielfältiges Angebot. So entstand 2006 der Entschluss, den gemeinnützigen Verein THEATER WAGEN e. V. ins Leben zu rufen. Ziel des Vereins ist, die Freien Kulturschaffenden, mit deren Arbeit wir uns gern identifizieren, zu unterstützen. [&hellip;]</p>
