{"id":736,"date":"2018-08-11T20:00:19","date_gmt":"2018-08-11T18:00:19","guid":{"rendered":"https:\/\/www.ensemble-harry.de\/content\/?page_id=736"},"modified":"2021-09-11T16:42:26","modified_gmt":"2021-09-11T14:42:26","slug":"theater-wagen-e-v","status":"publish","type":"page","link":"https:\/\/www.ensemble-harry.de\/content\/theater-wagen-e-v\/","title":{"rendered":"Theater Wagen e.V."},"content":{"rendered":"<h1><span style=\"color: #ff9900;\">Theater Wagen e.V.<\/span><\/h1>\n<h4>Unterst\u00fctzung f\u00fcr die Kultur!<\/h4>\n<p>Seit 2006 verfolgt der Verein THEATER WAGEN e. V. das Ziel, Freiburger Freie Kultur zu f\u00f6rdern, u. a. durch:<\/p>\n<ul>\n<li>Unterst\u00fctzung von Theaterarbeit<\/li>\n<li>Weiterbildung von jungen K\u00fcnstler\/innen<\/li>\n<li>Nachwuchsf\u00f6rderung<\/li>\n<\/ul>\n<p>Neben anderen Initiativen und Projekten wird das Freie Theaterensemble \u201eHarry, hol schon mal den Wagen!\u201d unterst\u00fctzt, das mit abwechslungsreichem Programm ein junges Schauspielteam auf die B\u00fchne bringt.<br \/>\nUm den K\u00fcnstler\/innen f\u00fcr ihr Ressort den R\u00fccken frei zu halten, aber auch um Freies Theater in der \u00d6ffentlichkeit zu st\u00e4rken, freut sich der Verein stets \u00fcber neue Mitglieder. Sie sind herzlich eingeladen, an der Umsetzung unserer Pl\u00e4ne mitzuwirken, um die Freiburger Theaterkultur in ihrer Vielfalt zu erhalten!<\/p>\n<p><strong>Kontakt:<\/strong><br \/>\nDr. J\u00f6rg Scharpff<br \/>\n<a href=\"mailto:scharpff@gmx.de\">scharpff@gmx.de<\/a><\/p>\n<p>Wenn auch Sie dem Verein beitreten m\u00f6chten, finden Sie hier ein passendes Formular zum Ausdrucken:<\/p>\n<p><a href=\"https:\/\/www.ensemble-harry.de\/content\/wp-content\/uploads\/2017\/12\/Beitritt_Verein.pdf\" target=\"_blank\" rel=\"noopener noreferrer\">&gt;&gt; Beitrittsformular<\/a><\/p>\n<p>&nbsp;<\/p>\n<p>&nbsp;<\/p>\n","protected":false},"excerpt":{"rendered":"<p>Theater Wagen e.V. Unterst\u00fctzung f\u00fcr die Kultur! Seit 2006 verfolgt der Verein THEATER WAGEN e. V. das Ziel, Freiburger Freie Kultur zu f\u00f6rdern, u. a. durch: Unterst\u00fctzung von Theaterarbeit Weiterbildung von jungen K\u00fcnstler\/innen Nachwuchsf\u00f6rderung Neben anderen Initiativen und Projekten wird das Freie Theaterensemble \u201eHarry, hol schon mal den Wagen!\u201d unterst\u00fctzt, das mit abwechslungsreichem Programm ein [&hellip;]<\/p>\n","protected":false},"author":1,"featured_media":991,"parent":0,"menu_order":0,"comment_status":"closed","ping_status":"closed","template":"","meta":{"inline_featured_image":false,"site-sidebar-layout":"default","site-content-layout":"default","ast-site-content-layout":"default","site-content-style":"default","site-sidebar-style":"default","ast-global-header-display":"","ast-banner-title-visibility":"","ast-main-header-display":"","ast-hfb-above-header-display":"","ast-hfb-below-header-display":"","ast-hfb-mobile-header-display":"","site-post-title":"disabled","ast-breadcrumbs-content":"","ast-featured-img":"","footer-sml-layout":"","ast-disable-related-posts":"","theme-transparent-header-meta":"default","adv-header-id-meta":"","stick-header-meta":"","header-above-stick-meta":"","header-main-stick-meta":"","header-below-stick-meta":"","astra-migrate-meta-layouts":"default","ast-page-background-enabled":"default","ast-page-background-meta":{"desktop":{"background-color":"","background-image":"","background-repeat":"repeat","background-position":"center center","background-size":"auto","background-attachment":"scroll","background-type":"","background-media":"","overlay-type":"","overlay-color":"","overlay-opacity":"","overlay-gradient":""},"tablet":{"background-color":"","background-image":"","background-repeat":"repeat","background-position":"center center","background-size":"auto","background-attachment":"scroll","background-type":"","background-media":"","overlay-type":"","overlay-color":"","overlay-opacity":"","overlay-gradient":""},"mobile":{"background-color":"","background-image":"","background-repeat":"repeat","background-position":"center center","background-size":"auto","background-attachment":"scroll","background-type":"","background-media":"","overlay-type":"","overlay-color":"","overlay-opacity":"","overlay-gradient":""}},"ast-content-background-meta":{"desktop":{"background-color":"var(--ast-global-color-5)","background-image":"","background-repeat":"repeat","background-position":"center center","background-size":"auto","background-attachment":"scroll","background-type":"","background-media":"","overlay-type":"","overlay-color":"","overlay-opacity":"","overlay-gradient":""},"tablet":{"background-color":"var(--ast-global-color-5)","background-image":"","background-repeat":"repeat","background-position":"center center","background-size":"auto","background-attachment":"scroll","background-type":"","background-media":"","overlay-type":"","overlay-color":"","overlay-opacity":"","overlay-gradient":""},"mobile":{"background-color":"var(--ast-global-color-5)","background-image":"","background-repeat":"repeat","background-position":"center center","background-size":"auto","background-attachment":"scroll","background-type":"","background-media":"","overlay-type":"","overlay-color":"","overlay-opacity":"","overlay-gradient":""}},"footnotes":""},"class_list":["post-736","page","type-page","status-publish","has-post-thumbnail","hentry"],"_links":{"self":[{"href":"https:\/\/www.ensemble-harry.de\/content\/wp-json\/wp\/v2\/pages\/736","targetHints":{"allow":["GET"]}}],"collection":[{"href":"https:\/\/www.ensemble-harry.de\/content\/wp-json\/wp\/v2\/pages"}],"about":[{"href":"https:\/\/www.ensemble-harry.de\/content\/wp-json\/wp\/v2\/types\/page"}],"author":[{"embeddable":true,"href":"https:\/\/www.ensemble-harry.de\/content\/wp-json\/wp\/v2\/users\/1"}],"replies":[{"embeddable":true,"href":"https:\/\/www.ensemble-harry.de\/content\/wp-json\/wp\/v2\/comments?post=736"}],"version-history":[{"count":0,"href":"https:\/\/www.ensemble-harry.de\/content\/wp-json\/wp\/v2\/pages\/736\/revisions"}],"wp:featuredmedia":[{"embeddable":true,"href":"https:\/\/www.ensemble-harry.de\/content\/wp-json\/wp\/v2\/media\/991"}],"wp:attachment":[{"href":"https:\/\/www.ensemble-harry.de\/content\/wp-json\/wp\/v2\/media?parent=736"}],"curies":[{"name":"wp","href":"https:\/\/api.w.org\/{rel}","templated":true}]}}